
Suppose h - 10*h - 63837 = 0. Let k = -3984 - h. Is k a composite number?
False
Suppose -5*i + 3*r + 448654 = 0, 14*r = 2*i + 12*r - 179464. Is i a composite number?
True
Let h = 2994 + -2103. Is 9*70569/h - (-2)/11 a composite number?
True
Suppose -143*a - 15380394 + 49672223 = 0. Is a a prime number?
True
Let a = 27768 - -33775. Is a a composite number?
False
Suppose -h - 4*b + 3*b = -16, -2*h = -4*b - 44. Suppose w - h*w = -134249. Is w a prime number?
False
Let a(j) = 46 - 484*j + 24 + 26 + 31. Is a(-25) prime?
True
Let t(r) = r**3 + 40*r**2 + 9*r + 24. Let x be t(-23). Suppose 0 = 5*i - 5*w - 8780, 0*i + 5*i + 5*w - x = 0. Is i prime?
True
Let y(f) = 13*f**3 - 18*f**2 + 4*f - 202. Is y(15) prime?
False
Let g(m) = 323*m + 1205. Is g(10) composite?
True
Let x(d) = 19*d**2 + 120*d - 2502. Is x(55) prime?
False
Let g(a) = -351*a**3 + 56*a + 497. Is g(-6) a composite number?
True
Let y(d) = -d + 1. Let x(j) = -2*j - 33. Let i(v) = x(v) - 3*y(v). Let n be i(18). Is (-1)/(-2) + (2 - n/4) composite?
False
Let w(v) = 50*v**3 - v**2 + 2*v + 1. Let f be w(-2). Let s = 182 + f. Let a = 604 + s. Is a composite?
False
Suppose -8*g + 3 = -7*g. Suppose -g*y + 754 = -3023. Is y a composite number?
False
Suppose -11395334 = -46*s - 28*s. Is s composite?
False
Let m(f) = 1640*f**3 - 15*f**2 + 12*f - 25. Is m(6) a composite number?
False
Suppose p = -3*p + 4*o - 4, -4 = -2*p - 4*o. Suppose p = -4*z - 10*z + 12390. Suppose -7*c + z = -4*c. Is c prime?
False
Let r = 328539 - -1135199. Is r a prime number?
False
Suppose -6*u + 3789 = -6969. Let r = 1370 + u. Is r a composite number?
False
Suppose -3258374 = 63*a - 77*a. Is a a prime number?
True
Let z = 7358875 + -4646426. Is z prime?
True
Suppose -36 = -2*t + 4. Suppose 9*p + p + t = 0. Is ((-4851)/(-14) - 1)/((-1)/p) a composite number?
False
Let x be ((-15)/(-20))/(6/32). Is -2 + x + -2 - (-22514)/2 prime?
True
Let z(c) = -c + 1. Let m(d) = -4*d - 13. Let g(n) = -m(n) + 3*z(n). Let a be g(-7). Is 770/7 + 3/(a/(-3)) composite?
False
Suppose -5*s + 54 = -2*t, 2*t = -2*s + 6*t + 28. Suppose 3*z = -c + s, -2*z = 2*c - 15 - 17. Suppose h = 58 - c. Is h composite?
True
Let r be (-13)/(546/(-465852)) + (-4)/(-14). Let q = 19805 - r. Is q a composite number?
False
Let g = -44 + 39. Let c(o) = -51*o - 41. Let l be c(g). Let q = 375 - l. Is q a composite number?
True
Suppose 0 = 5*x + n - 80289 + 996, -47567 = -3*x - 5*n. Is x a composite number?
False
Suppose -3*o + 172 = 163. Suppose -3*z + 0*q + 40572 = -o*q, -4*z + 54093 = -q. Is z a composite number?
False
Suppose -3*p + 4*k + 8512 = -124541, 0 = 2*p - 5*k - 88702. Is p a prime number?
True
Suppose -6*v + 2*v + 8 = -2*t, 5*v - 10 = -4*t. Suppose 4*m = y + 174, -263 - 85 = v*y - m. Is y*(4 + 27/(-6)) prime?
False
Let t(s) = 13878*s**2 + 34*s - 107. Is t(3) composite?
False
Let h = 4645 + -7512. Let b = h + 14824. Is b a prime number?
False
Let t(o) = 496*o**2 + 41*o - 25. Is t(-4) a composite number?
True
Suppose m = -3*v - 24517 + 126182, -5*v = 3*m - 305003. Is m a prime number?
False
Let w(v) = -v**3 + 3*v**2 + 11*v - 9. Let g be w(-4). Suppose h - g = -b, -b - 3*h + 49 = -4*h. Let x = 503 + b. Is x prime?
True
Suppose 31*j = 3*j + 793963 + 21594249. Is j prime?
False
Suppose -2*y + 5*y = 5*c - 1064, -1084 = 3*y - c. Let i(s) = -12*s + 2. Let f be i(17). Let p = f - y. Is p prime?
False
Let d(j) = -669*j - 66. Let f be d(4). Is f/(-30) - (-4)/(-10) composite?
True
Suppose -2*u + 95750 = -i, 2*i - 4*i + 95762 = 2*u. Is u a composite number?
True
Suppose -4*l = 3*d - 377650, -2*l = 5*d - 41414 - 147390. Is l composite?
True
Let d be (-768204)/(-38) - (666/171 + -4). Let r = -9789 + d. Is r composite?
False
Let d(m) = 2*m**2 + 1. Let a(f) = -11*f**2 + 20*f - 39. Let x(p) = -a(p) + 2*d(p). Is x(-16) prime?
True
Suppose 8 = 36*u - 34*u. Let z(j) = -84*j + 19. Let r be z(-6). Is -3 + r + (4 - 11) + u a prime number?
False
Suppose 4*v = 8, -4*z - 15*v = -10*v - 10. Suppose z = 16*s - 25*s + 2151. Is s prime?
True
Let w(a) = -2*a**2 - 45*a + 18. Let h be w(-26). Let o = h + 223. Is o a composite number?
False
Let f(h) = h - 1. Let v(q) = -121*q - 21. Let s(l) = -l + 1. Let g be s(0). Let x(u) = g*v(u) + 4*f(u). Is x(-8) a composite number?
False
Let y(k) be the second derivative of 0 - 11*k + 31/3*k**3 + 1/2*k**2. Is y(4) a composite number?
True
Let s be -9*2/(-9) + 5/1. Suppose 0 = s*u - 11*u - 8. Is (3 + u)*-3 - (7 + -155) a prime number?
False
Is (-4730089)/(-56) + -9 - (-4)/32 a prime number?
True
Suppose -2*p - 220020 = -8*i + 3*i, -5*i = -p - 220015. Suppose -117*v - i = -131*v. Is v a prime number?
False
Is (-17 - -21) + ((-3312715)/(-5) - 4) composite?
True
Let z = -67918 - -110451. Is z a prime number?
True
Let k(t) = 20*t**2 + 22*t - 35. Let y(c) = -2*c - 11. Let d be y(-24). Suppose -72 = d*s - 41*s. Is k(s) a composite number?
False
Suppose -11335 = -3*k - 3*p - 496, -k + 3617 = -3*p. Suppose 0 = 3*w - i - 4*i - k, -4*w + 4832 = -4*i. Is w composite?
False
Let j(n) = -906*n**3 + 2*n**2 - 31*n - 138. Is j(-5) composite?
True
Let i(w) be the first derivative of -5*w**4/2 + w**2 + 17*w + 75. Is i(-7) a prime number?
True
Let p be (-206 - (-2 - -3)) + 4. Let b = 1635 + p. Suppose -6*a + b = 2*a. Is a a composite number?
False
Let n(f) = 1271*f**2 + 105*f - 685. Is n(7) a prime number?
False
Suppose -5*b + 4*m + 888869 = 56288, -2*b - m = -333022. Is b composite?
True
Is (-143 - -674952) + (0 - -4) prime?
True
Suppose 2*m + p + 3 = 0, 0 = -m - 4*p + p - 14. Suppose -5 = -3*i - 17. Is (2/8 - m) + (-3519)/i composite?
True
Let n(t) = -8*t + 37. Let b be n(15). Let w = b + 89. Suppose -d = w*d - 5719. Is d a composite number?
True
Let x be (-2)/(-6) - 112/48. Let y be -2 + -1 + x + 1. Is 0 + (263 - y)/3 composite?
False
Suppose 0 = -1531*p + 1589*p - 1604454. Is p composite?
True
Let v be 46*(1 - 5/((-50)/1545)). Let y = -2126 + v. Is y composite?
True
Suppose -3*s + 2*f + 9 = 0, 2*f = -f. Suppose s*a + 5823 = 18996. Is a composite?
False
Let n = 648034 + -410471. Is n prime?
True
Is ((-33)/((-2112)/(-17291920)))/(3/(-12)) a composite number?
True
Let y = 2227 + 4752. Suppose 0 = -5*n + 3*l + 17475, -3*l + 2*l = 2*n - y. Suppose 203 = 5*a - n. Is a prime?
True
Let g(w) = 34*w + 10. Let d be g(8). Let b = -50 + d. Is (b/32)/(1/20) composite?
True
Suppose -19 = -2*y - 5*p - 2, 4*y = -p + 25. Suppose 3*h = 4*z + z + 901, -3*z = 3*h - 933. Is h/(2*3/y) a prime number?
True
Let k = 143320 + 387137. Is k composite?
True
Let s(r) = -2 - 1 - 334*r - 2 - 1566*r. Suppose 0 = 5*a + 3*b + 5, a + 1 = b. Is s(a) prime?
False
Let a(h) = -h**3 - 19*h**2 - 42*h + 51. Let t(i) = 4*i**3 + 76*i**2 + 170*i - 204. Let u(m) = 9*a(m) + 2*t(m). Is u(-25) prime?
True
Let h(w) be the second derivative of 1/2*w**2 - 195/2*w**3 + 0 + 23*w. Is h(-1) prime?
False
Suppose 0 = 4*g - 5*d - 81, -2*g + 29 + 7 = -4*d. Suppose 0 = -30*k + 24*k + g. Suppose 769 = t - 4*u, -t - k*u + 748 = -u. Is t a composite number?
False
Let s = 6 + -4. Suppose -n = -s*m - 3*n + 128, -3*m + 3*n = -222. Let p = 180 - m. Is p prime?
False
Suppose 2*c - 7*m - 1258 = -6*m, 0 = -2*c - 3*m + 1258. Suppose 2*b + 196 = -2*b. Is ((-7)/b - 1/7) + c composite?
True
Suppose f - 546 = -2*f. Let o = f - 285. Let w = -66 - o. Is w a prime number?
True
Let q(s) = -64450*s - 6495. Is q(-14) a composite number?
True
Let m(b) = -8*b**2 - 3*b - 1. Let z be m(-3). Let x be z/(-48)*18/8. Let t(q) = 54*q**3 + 4*q**2 - 13. Is t(x) a prime number?
True
Let i be (4 + -2 - -1) + 0/(-19). Suppose -i*j = -193 - 161. Is j a prime number?
False
Let w(p) = 16*p**2 + 7*p + 81. Let f(q) = -q - 8. Let x be f(0). Is w(x) a prime number?
True
Is ((-28)/18)/7*((11 - 313570) + -10) a composite number?
True
Suppose 0 = a + 1785 + 1177. Let r be (a/(-3))/((-4)/(-6) - 1). Let n = 6161 + r. Is n prime?
False
Suppose 4*f - 2*f = 136. Suppose 0 = 29*c - 33*c - f. Let b = c + 36. Is b prime?
True
Let d(j) = -2*j. Let z be d(6). Suppose -u - 5*u = 48. Is ((-1114)/u)/(3*(-1)/z) composite?
False
Let l(y) = -y**3 - 17*y**2 + 821*y + 482. Is l(-105) prime?
False
Let m = -604 + 546. Is 53 + m - -368*8 a composite number?
False
Suppose -6*a + 147046 = -2*a - 2*z, 3*z + 183806 = 5*a. Is a a prime number?
False
Is -7*((-56)/(-364) + 468342/(-26)) composite?
True
Su